 Suppose 5*d - h + 65 = h, -2*d - 2*h - 26 = 0. Let i = y - d. Calculate the highest common factor of i and 32.
16
Let m(d) = d**3 + 7*d**2 - 8*d + 8. Let z be m(-8). Let u be (z/6)/(4/(-18)). Let p be (u/5)/(4/(-10)). Calculate the highest common factor of p and 24.
3
Suppose 0 = 2*g - 0*g - 12. Suppose 3*r - 2 = 7. Suppose w + 132 = r*w. Calculate the greatest common divisor of g and w.
6
Let z be ((-64)/(-6))/((-3)/117). Let y = -290 - z. What is the highest common divisor of y and 14?
14
Let t = 18 + -3. Let i = 67 + t. Suppose -s + 3*s = 2*a - i, 4*a = s + 161. Calculate the highest common factor of 16 and a.
8
Suppose 2*m - 17 = m. Let x = m - 2. Calculate the greatest common divisor of x and 30.
15
Suppose 4 = k - 1. Let o = -3 + k. Let d be (1 - o) + 8 + -1. Calculate the highest common factor of 3 and d.
3
Let j(b) = -b**3 + b**2 - b + 26. Let y be j(0). Suppose -4*v = -2*v + 3*l - 78, 0 = -2*v + l + 78. Calculate the highest common divisor of y and v.
13
Suppose 2 - 5 = -3*s. Let z be (1 + 136)*s*2. Suppose 5*l = 3*t + z, -2*l - 3*t - 2*t + 122 = 0. What is the greatest common factor of l and 14?
14
Let l = -156 - -157. What is the highest common factor of 9 and l?
1
Let o = 11 + -6. Let b be o - (-2 - (-6)/2). What is the greatest common factor of b and 28?
4
Suppose -z - 280 = -4*j, -3*j - j + 280 = 3*z. Calculate the greatest common factor of j and 10.
10
Suppose -2*g - r = 4, 5*r - 3*r = 4. Let c be 28*g/36*-3. Let b(x) = 21*x**2 - x - 1. Let d be b(-1). What is the greatest common factor of d and c?
7
Let r be (1 + -3)*-5*4. What is the greatest common factor of r and 10?
10
Suppose -5*w + 16 = -104. Let s = -4 - 5. Let b = s + w. Calculate the greatest common factor of 3 and b.
3
Suppose 41 = i - 2*r - 2*r, 4*i - 3*r - 99 = 0. Calculate the greatest common divisor of 147 and i.
21
Let v(y) = y**2 + 10*y + 10. Let r be v(-10). What is the highest common factor of r and 2?
2
Suppose -a - 9 = -25. Suppose -3*f - 768 = -9*f. What is the highest common factor of a and f?
16
Let u = 14 - 18. Let h be (-2937)/(-21) - u/28. Calculate the highest common divisor of h and 20.
20
Let s be ((-6)/(-1))/((-2)/3). Let j be -6*(-2 + (-15)/s). Suppose -j*t + 4*d + 140 = -0*d, -d = t - 79. What is the greatest common factor of t and 19?
19
Suppose 5*o = a + 3*o - 15, 4*a + 2*o - 10 = 0. Suppose 3*z - 4 = a. Suppose z*c + 16 = 2*i + 43, -5*i - 1 = 2*c. What is the highest common factor of c and 35?
7
Suppose 2*b + 48 = 5*b. What is the highest common divisor of b and 16?
16
Suppose -a + 14 - 5 = 0. What is the greatest common factor of a and 144?
9
Suppose 5*z = 34 + 31. Suppose z*j - 11*j - 32 = 0. Calculate the greatest common factor of 176 and j.
16
Let r be (-80)/(-30) + (-4)/6. Let n(f) = f**3 + 9*f**2 + 9*f + 12. Let y be n(-8). What is the greatest common factor of r and y?
2
Let x be 4/((-32)/(-182)) + (-2)/(-8). Calculate the greatest common divisor of x and 161.
23
Let o(n) = 14*n - 3. Suppose -7*a = -5*a - 12. Let c be o(a). What is the highest common divisor of 9 and c?
9
Suppose -3 = 3*t, -2*k + 6*k + 2*t - 286 = 0. Calculate the highest common divisor of k and 48.
24
Suppose -10*b - 8 = -11*b. What is the greatest common divisor of 16 and b?
8
Let q(k) = k**2 - 9*k + 6. Let i be q(8). Let l(p) = 24*p**2 + 4*p + 2. Let n be l(i). What is the greatest common divisor of n and 36?
18
Let z(q) = -q**3 - 3*q**2 - 4*q. Let t be z(-3). Calculate the highest common divisor of 84 and t.
12
Let s(n) = 16*n - 3. Let i be s(4). Let q = i - 39. Calculate the greatest common factor of 55 and q.
11
Let a(x) = -4*x - 25. Let v be a(-8). Calculate the greatest common divisor of 77 and v.
7
Let g(x) = 87*x + 2. Let q be g(2). Suppose k - 9 = 7. Calculate the greatest common factor of k and q.
16
Let d be 3/4 - (-1)/4. Suppose -3*g + 2 = 2*w, 2*w - d = 3*g - 11. Suppose -g*u + 30 - 4 = 0. What is the greatest common divisor of u and 26?
13
Let b(l) = -l**2 - l + 3. Let y be b(3). Let f = y + 0. Let q = f - -13. What is the greatest common factor of 8 and q?
4
Suppose 0 = -4*q + 7*q - 5*r - 104, -5*r + 94 = 3*q. Let m = -18 + q. Let o(h) = -h + 60. Let y be o(0). Calculate the greatest common factor of m and y.
15
Suppose -g - 2 = -4. Suppose -g*q + q = 2. Let j be ((-45)/(-20))/(q/(-72)). Calculate the highest common divisor of j and 9.
9
Let s be (-78)/(-9) + 2/(-3). What is the highest common divisor of s and 16?
8
Suppose 3*b + 4*j + 0*j = 247, -4*b + 296 = -3*j. What is the greatest common divisor of b and 11?
11
Let h = 217 - -55. What is the highest common factor of 34 and h?
34
Let k(a) = -a. Let b be k(-14). What is the greatest common divisor of b and 35?
7
Let r(k) = -k**3 - 10*k**2 + 7*k - 31. Let u be r(-11). What is the highest common factor of u and 26?
13
Let a be (-5 - -1 - 0)*-1. Let z = -25 + 13. Let x = z - -20. What is the greatest common factor of a and x?
4
Suppose -4 = -3*v + 2*v. Suppose -v*y + 112 = -0*y. Calculate the highest common divisor of 70 and y.
14
Let t(j) = -j**2 + 11*j. Let n be t(5). Suppose 4*r = 2*d + n, 5*r + d - 6*d = 35. Calculate the highest common divisor of 32 and r.
8
Let d = -4 - -10. Calculate the highest common factor of d and 12.
6
Let o(n) = 4*n**2 - 3*n - 2. Let a be o(-4). Let i = 22 + a. What is the highest common divisor of i and 24?
24
Let w = -3 - -6. Calculate the greatest common factor of 3 and w.
3
Suppose -525*w = -528*w + 12. What is the greatest common factor of w and 52?
4
Let c(t) = t**3 - 4*t**2 - 2*t. Let o be c(5). Let d be o - 3/((-6)/2). What is the highest common factor of 176 and d?
16
Let h = 224 + -132. Suppose 13 = f + 4*p - 10, -3*f + 69 = p. Calculate the highest common divisor of h and f.
23
Let a = 20 - 15. Suppose 0*v = -a*v + p + 5, 3*v = -p + 11. What is the highest common factor of 2 and v?
2
Let r(c) = c**2 - 8*c - 12. Let p be r(10). Let y be (-4 + 3)/1 + 89. Calculate the greatest common factor of y and p.
8
Let q = -2 - -3. Let f = 13 - 9. Suppose 0 = -2*b - f + 10. Calculate the highest common factor of q and b.
1
Suppose -5*j = -3*w - 99, 5*j - 102 = 2*w + 2*w. Calculate the highest common factor of 27 and j.
9
Let l = -14 + 28. Calculate the highest common divisor of 112 and l.
14
Let l(f) = -f**3 + f**2 + 3*f - 6. Let q be l(-4). Suppose 2*x + 5*t - q = -x, -5*x - 2*t = -78. Calculate the greatest common factor of x and 2.
2
Suppose 4*a - 64 = -12. Let m be (-2)/(-4)*(-7 - -3). Let d be 102 - (m*2 - -2). Calculate the greatest common factor of d and a.
13
Suppose 7*g - 576 = g. Suppose 4*c + c - 60 = 0. Calculate the greatest common factor of c and g.
12
Suppose -2*k + 4 = 0, w + 3*k = -w. Let d = 8 + w. Let s be 5*(3 - (-9)/d). Calculate the greatest common factor of s and 16.
8
Suppose -k = a - 5, -2 + 4 = -2*k. Let d = 9 - 15. Let r be (-2)/d - (-161)/3. Calculate the greatest common divisor of a and r.
6
Let d(u) = 5*u + 7. Let o be d(5). Calculate the greatest common factor of o and 96.
32
Let j = -2 - -3. Let x be (-116)/(-4) + j*-1. Suppose -z + 3*y = 3*z - 27, z - 5*y = x. What is the greatest common factor of z and 21?
3
Let y be (13/2)/((-2)/(-4)). Let x = 5 - -8. What is the greatest common divisor of x and y?
13
Let u = -194 - -274. What is the highest common factor of 10 and u?
10
Suppose 2*c = -0*c + 28. Let d be 3/(-3)*(2 + -3)*2. Calculate the highest common divisor of d and c.
2
Let v be -3*(-5)/6*2. Let c be (2 + 3)*(-3 - (-17)/5). Suppose -c*f + 3 = t - 4, f + 24 = v*t. Calculate the highest common factor of t and 45.
5
Let s be (-16)/(-48)*(5 - -1). Calculate the highest common factor of s and 20.
2
Let h(b) = -4*b + 10. Let g be h(-7). Suppose -5*n - 4*v = v - 40, 0 = -3*n + 4*v + g. What is the highest common factor of 15 and n?
5
Let y = 588 + -332. Calculate the greatest common divisor of y and 32.
32
Let l(d) = -3*d + 9. Let a(k) = k**2 + 9*k + 3. Let p be a(-8). Let t be l(p). What is the greatest common divisor of 8 and t?
8
Suppose 2*v + 5*z - 24 = -0*v, 36 = 3*v + 2*z. Calculate the greatest common factor of 12 and v.
12
Suppose -4*s = -c - 141, 53 = 3*s - 4*c - 69. Calculate the highest common factor of 136 and s.
34
Suppose -2*a - 30 = -5*a. Calculate the highest common divisor of a and 110.
10
Let s = 4 + -2. Suppose -s*c + c 